5?
True
Does 6 divide 36?
True
Does 28 divide 25004?
True
Is 19854 a multiple of 262?
False
Is 168 a multiple of 14?
True
Is 2908 a multiple of 21?
False
Is 4416 a multiple of 184?
True
Is 405 a multiple of 27?
True
Is 5 a factor of 1470?
True
Is 4608 a multiple of 6?
True
Does 24 divide 16248?
True
Does 11 divide 31834?
True
Is 9 a factor of 3778?
False
Is 1036 a multiple of 74?
True
Is 41 a factor of 1265?
False
Does 21 divide 1777?
False
Is 13 a factor of 2093?
True
Is 4092 a multiple of 22?
True
Is 2304 a multiple of 3?
True
Does 41 divide 76547?
True
Is 4033 even?
False
Is 72 even?
True
Does 2 divide 199?
False
Is 17 a factor of 530?
False
Does 13 divide 1060?
False
Does 14 divide 1478?
False
Is 30240 a multiple of 36?
True
Is 944 a multiple of 18?
False
Does 49 divide 1519?
True
Does 33 divide 926?
False
Does 75 divide 1350?
True
Is 84 a factor of 2743?
False
Is 21 a factor of 9119?
False
Does 8 divide 237?
False
Is 22 a factor of 4061?
False
Is 15 a factor of 14940?
True
Is 28 a factor of 357?
False
Is 12 a factor of 1009?
False
Does 37 divide 3293?
True
Does 18 divide 42707?
False
Is 13 a factor of 21?
False
Is 22 a factor of 5302?
True
Is 777 a multiple of 42?
False
Is 1924 a multiple of 37?
True
Does 3 divide 145?
False
Is 22168 a multiple of 4?
True
Is 109254 a multiple of 417?
True
Is 21 a factor of 2058?
True
Does 154 divide 15194?
False
Is 704 a multiple of 32?
True
Is 13992 a multiple of 22?
True
Does 6 divide 5736?
True
Is 8535 a multiple of 21?
False
Does 33 divide 2572?
False
Does 25 divide 2400?
True
Does 270 divide 37098?
False
Is 17 a factor of 6822?
False
Is 510 a multiple of 34?
True
Is 42 a multiple of 20?
False
Does 7 divide 36953?
True
Does 7 divide 1050?
True
Is 80 a factor of 4137?
False
Is 13 a factor of 38844?
True
Is 17136 a multiple of 102?
True
Does 22 divide 433?
False
Is 8 a factor of 607?
False
Is 22 a factor of 3931?
False
Is 641 even?
False
Is 5 a factor of 144?
False
Is 47818 a multiple of 355?
False
Is 2618 a multiple of 12?
False
Is 49 a factor of 4606?
True
Is 25 a factor of 4125?
True
Does 65 divide 1105?
True
Is 252 a multiple of 14?
True
Is 4 a factor of 47?
False
Is 73 a factor of 80592?
True
Is 3 a factor of 21?
True
Does 18 divide 198?
True
Is 22 a factor of 20768?
True
Is 12992 a multiple of 16?
True
Does 44 divide 1186?
False
Does 6 divide 1516?
False
Is 47 a factor of 7614?
True
Is 517 a multiple of 9?
False
Does 42 divide 133462?
False
Is 47 a factor of 33840?
True
Is 101 a multiple of 5?
False
Does 3 divide 152?
False
Is 34 a factor of 1009?
False
Does 85 divide 2295?
True
Is 7111 a multiple of 12?
False
Does 23 divide 500?
False
Does 13 divide 793?
True
Is 5633 a multiple of 131?
True
Does 21 divide 6720?
True
Is 7 a factor of 30?
False
Does 3 divide 36?
True
Does 50 divide 455?
False
Is 15 a factor of 2730?
True
Is 605 a multiple of 11?
True
Is 782 a multiple of 16?
False
Does 311 divide 30060?
False
Does 32 divide 1566?
False
Does 3 divide 813?
True
Is 6 a factor of 330?
True
Is 192 a multiple of 86?
False
Is 338 a multiple of 13?
True
Is 3768 a multiple of 8?
True
Does 33 divide 1914?
True
Is 10 a factor of 110?
True
Is 58 a factor of 57690?
False
Is 3364 a multiple of 29?
True
Is 44 a factor of 140404?
True
Is 3633 a multiple of 78?
False
Does 8 divide 341?
False
Is 7380 a multiple of 90?
True
Is 14 a factor of 7294?
True
Is 33 a factor of 707?
False
Is 37 a factor of 1640?
False
Is 2913 a multiple of 97?
False
Is 2976 a multiple of 123?
False
Does 66 divide 396?
True
Is 720 a multiple of 18?
True
Is 32 a factor of 2048?
True
Is 1130 a multiple of 10?
True
Is 1178 a multiple of 62?
True
Does 65 divide 455?
True
Is 9221 a multiple of 27?
False
Is 1967 a multiple of 5?
False
Does 17 divide 1258?
True
Is 22498 a multiple of 12?
False
Is 23 a factor of 287?
False
Does 46 divide 8280?
True
Does 16 divide 7663?
False
Is 1076 a multiple of 71?
False
Is 8 a factor of 3845?
False
Is 182 a multiple of 14?
True
Is 8 a factor of 496?
True
Does 51 divide 2346?
True
Does 15 divide 495?
True
Is 22 a factor of 9988?
True
Is 14 a factor of 799?
False
Is 17 a factor of 1938?
True
Is 887 a multiple of 8?
False
Does 87 divide 53367?
False
Is 660 a multiple of 10?
True
Does 40 divide 15360?
True
Is 52 a factor of 28910?
False
Is 23 a factor of 62327?
False
Is 2 a factor of 154?
True
Is 14 a factor of 1381?
False
Is 5166 a multiple of 126?
True
Is 5140 a multiple of 13?
False
Is 12 a factor of 8392?
False
Is 96619 a multiple of 26?
False
Does 25 divide 12500?
True
Does 17 divide 65?
False
Is 60326 a multiple of 14?
True
Does 8 divide 7028?
False
Is 187 a factor of 43758?
True
Is 2752 a multiple of 37?
False
Is 19 a factor of 844?
False
Does 12 divide 542?
False
Does 18 divide 2600?
False
Does 9 divide 261?
True
Is 1779 even?
False
Is 52 a factor of 88296?
True
Is 58201 a multiple of 71?
False
Is 598 a multiple of 46?
True
Is 355 a multiple of 41?
False
Does 88 divide 32219?
False
Is 23 a factor of 1482?
False
Is 10440 a multiple of 9?
True
Does 42 divide 2946?
False
Is 49855 a multiple of 13?
True
Is 2 a factor of 12?
True
Does 46 divide 52?
False
Is 183 a multiple of 13?
False
Does 19 divide 1211?
False
Is 9016 a multiple of 23?
True
Is 42 a factor of 16684?
False
Is 165 a multiple of 11?
True
Does 19 divide 673?
False
Is 17 a factor of 1444?
False
Is 9 a factor of 756?
True
Does 7 divide 220?
False
Does 13 divide 1495?
True
Is 31 a factor of 165?
False
Is 2 a factor of 16511?
False
Is 9523 a multiple of 38?
False
Is 19 a factor of 15016?
False
Is 48 a factor of 96?
True
Is 2452 a multiple of 12?
False
Is 2129 a multiple of 16?
False
Does 93 divide 2052?
False
Is 175 a factor of 69888?
False
Does 34 divide 442?
True
Is 73 a factor of 2943?
False
Is 136710 a multiple of 35?
True
Does 47 divide 2872?
False
Is 35 a factor of 2695?
True
Is 5116 a multiple of 33?
False
Is 26 a factor of 7488?
True
Is 1075 a multiple of 12?
False
Is 1882 a multiple of 16?
False
Does 115 divide 2530?
True
Does 12 divide 7080?
True
Is 35 a factor of 5670?
True
Is 2219 even?
False
Is 6370 a multiple of 65?
True
Is 12 a factor of 7084?
False
Is 134 a multiple of 14?
False
Is 935 a multiple of 3?
False
Does 3 divide 36?
True
Is 5141 a multiple of 17?
False
Is 12 a factor of 828?
True
Is 19 a factor of 583?
False
Is 606 a multiple of 9?
False
Is 73 a factor of 2701?
True
Does 17 divide 85?
True
Is 9 a factor of 2367?
True
Is 12 a factor of 11660?
False
Is 16214 a multiple of 134?
True
Is 37 a factor of 2072?
True
Is 51 a factor of 74001?
True
Is 96 a multiple of 24?
True
Does 15 divide 128?
False
Does 156 divide 18099?
False
Does 56 divide 1344?
True
Is 22394 a multiple of 223?
False
Is 7760 a multiple of 32?
False
Does 44 divide 313?
False
Is 5 a factor of 2779?
False
Does 10 divide 5460?
True
Is 836 a multiple of 34?
False
Is 272 a multiple of 17?
True
Is 1121 a multiple of 19?
True
Does 6 divide 368?
False
Does 15 divide 2595?
True
Is 28 a factor of 496?
False
Is 130 a factor of 2080?
True
Does 67 divide 7584?
False
Does 9 divide 18?
True
Is 20435 a multiple of 67?
True
Is 336 a multiple of 4?
True
Does 9 divide 6083?
False
Is 97 a factor of 1008?
False
Is 420 a multiple of 10?
True
Is 8767 a multiple of 81?
False
Is 83437 a multiple of 40?
False
Is 5 a factor of 690?
True
Is 6462 a multiple of 18?
True
Is 57 a factor of 8607?
True
Is 1478 a multiple of 2?
True
Is 980 a multiple of 4?
True
Is 3002 a multiple of 19?
True
Is 982 a multiple of 10?
False
Is 34 a factor of 952?
True
Is 60 a factor of 40860?
True
Is 91 a factor of 13892?
False
Is 9 a factor of 391?
False
Is 40 a factor of 4628?
False
Does 41 divide 6683?
True
Is 92417 a multiple of 410?
False
Does 31 divide 121?
False
Is 3024 a multiple of 21?
True
Is 128 a factor of 12226?
False
Is 138 a factor of 14391?
False
Is 630 a multiple of 15?
True
Is 52 a factor of 28340?
True
Does 19 divide 1068?
False
Is 9 a factor of 8380?
False
Is 104 a factor of 4929?
False
Is 1190 a multiple of 4?
False
Does 41 divide 478?
False
Is 20 a factor of 6540?
True
Is 157 a factor of 35168?
True
Does 2 divide 8?
True
Does 5 divide 648?
False
Does 31 divide 50530?
True
Is 16 a factor of 2272?
True
Is 5 a factor of 102?
False
Is 9 a factor of 4203?
True
Does 3 divide 33107?
False
Is 15 a factor